7
Let n(w) = 2*w**2 + 15*w + 70. Let t be (-1 - 4 - -6) + 10. What is the tens digit of n(t)?
7
Let h(m) = 2*m**2 + 13*m + 7. Let z be h(-6). What is the hundreds digit of 5 - (1 - (351 - z))?
3
Let o = -1846 + 1857. Let p be -10*((-9)/6 + -3). Let c = o + p. What is the units digit of c?
6
Suppose -2*y - 5*n = -21691, -172*y - 5*n + 54220 = -167*y. What is the thousands digit of y?
0
Let w = -10781 + 16077. What is the units digit of w?
6
Let c = 244 + -241. Suppose 14 = 3*i - 3*y + 5, -i - 5*y - 3 = 0. Suppose -i*q - 4*a = -70, c*a = q - 5 - 5. What is the units digit of q?
5
Suppose 67*m - 63*m - 3*x - 108574 = 0, -2*m = 3*x - 54260. What is the units digit of m?
9
Let r = -4532 - -4535. Let g(b) = 3*b**3 + b - 2*b**2 - 2 + 0*b**3 - 2. What is the tens digit of g(r)?
6
Let d be (8 - (1 + 1))*(-18)/27. Let n(q) = -q**3 - 5*q**2 + 16. Let v be n(d). Suppose 4*l - 3*w - 625 = v, 2*l - l = -5*w + 162. What is the tens digit of l?
5
Let c(d) = -2*d**3 + 8*d**2 - 4*d + 4. Let p = -4 - -9. Let y be c(p). What is the tens digit of 3570/33 + 12/y?
0
Suppose -27*n + 3 = -26*n. Suppose 0 = n*b + 9, 5*f - 18 - 4 = -b. Suppose 2*i = -i - f*t + 339, 4*t - 565 = -5*i. What is the tens digit of i?
1
Suppose 5*h = 4*a + 100366, 4*h + 104*a - 105*a = 80295. What is the ten thousands digit of h?
2
Suppose v - 2*b - 16 = 0, 2 - 6 = v + 2*b. Let i be (214/v)/(3/9). Suppose -147 = i*s - 110*s. What is the units digit of s?
9
Suppose 46 = 3*n + g - 6*g, g = -3*n + 52. Suppose n*l - 8 = 15*l. Suppose -2 = h, -4*d + l*h + h + 22 = 0. What is the units digit of d?
3
Suppose 307 = -18*t + 4375. What is the hundreds digit of t?
2
Let k be (-1)/(7/(-133)*1/7). Let q = k + 147. What is the hundreds digit of q?
2
Suppose 2586 = 3*s - 0*s - 2*z, -s - 5*z + 879 = 0. Suppose 10*b = 7*b + s. What is the tens digit of b?
8
Let t(l) = 8*l - 2. Let d be t(4). Let s be (-2)/(-5) + 768/d - -1. Suppose 0 = -s*z + 26*z + 70. What is the tens digit of z?
7
Suppose -6*h + 4305 = 3*b - 3*h, -2*b = -4*h - 2876. Suppose 0 = c + 4*r - b, c + 2*c = -4*r + 4284. What is the thousands digit of c?
1
Let v = 425 - 423. Suppose 4*i + 3*a - 1581 = v*a, -4*a - 1596 = -4*i. What is the hundreds digit of i?
3
Suppose 1 = -21*f + 19*f - 5*a, -5*f = 2*a - 8. Suppose -w + 245 = -3*u, f*w + 198 = u + 668. What is the tens digit of w?
3
Suppose 5*i - 1368 = -2*l, -4*l + 10*i + 2768 = 12*i. Let v = -674 + l. What is the units digit of v?
0
Suppose -817*x + 816*x = -70. Let l = x - -2. What is the tens digit of l?
7
Suppose -2*l = -10*l + 88. Let p(a) = -a**2 + 17*a + 5. Let d be p(l). Suppose -4*o + d = -113. What is the tens digit of o?
4
Suppose -d = -57*o + 62*o - 114724, -3*o = -5*d - 68868. What is the hundreds digit of o?
9
Suppose 5*w + q = 6*q - 10, 2*w - 2 = -q. Suppose w = 2*g - n - 2*n - 101, 4*n - 264 = -5*g. Suppose -j + 8 = -g. What is the units digit of j?
0
What is the hundreds digit of (-3 + (-110052)/72)*(-462)/9?
6
Suppose -4*s + 4*h + 34154 = 9654, 5*s - 30631 = -h. What is the thousands digit of s?
6
Suppose 58237 = 800*k - 790*k - 107363. What is the units digit of k?
0
Let c(r) = -r + 33. Let a be (-1)/((-30)/108)*5. What is the tens digit of c(a)?
1
Let f(x) = -30*x - 32. Let o be ((-150)/(-4))/5*24/(-20). What is the hundreds digit of f(o)?
2
Let w = -113 + 113. Suppose w = a + 5*p - 85, 4*p = -p + 25. What is the tens digit of a?
6
Let j(b) = -b**2 - 14*b - 43. Let c be j(-16). Let a = 57 - c. What is the hundreds digit of a?
1
Suppose 4*z = 6924 - 5532. What is the hundreds digit of z?
3
Let v(r) = 22*r**2 - r - 1. Let o be v(-1). Suppose o*u = 11*u + 3179. What is the hundreds digit of u?
2
Let v = 253 + -251. Suppose -92 + 36 = -4*j. Suppose 4*q - 26 = -v*c + j, 8 = 2*q - 2*c. What is the units digit of q?
8
Let m = -165 - -169. What is the hundreds digit of -4*(-9)/m*382/6?
5
Let v = 52654 - 23102. What is the thousands digit of v?
9
Let r be 4*(2 - (-63)/(-6)). Let h = r + 34. Suppose -3*y = 5*j - 159, 5*y - 265 = -h*y - j. What is the tens digit of y?
5
Let u = 16457 - 16452. Let c(k) = -2*k + 5*k + 2*k**2 + 2*k - 13. What is the tens digit of c(u)?
6
Suppose v + 6*v = v. Suppose v = 18*m - 15*m - 693. What is the units digit of m?
1
Let n = 1125 - -3802. What is the thousands digit of n?
4
Suppose 0 = z + 3*n - 43, -3*z + 9 = 3*n - 96. Suppose -3*v + z = 22. Suppose -i - v*b = -24, 46 = -2*i + 5*i - 4*b. What is the units digit of i?
8
Let k(j) = 3*j**3 - 90*j**2 - 23*j - 116. What is the tens digit of k(33)?
2
Let k = -564 + 8818. What is the tens digit of k?
5
Suppose 5*n - n = 2*o - 120, 155 = 2*o + 3*n. Let a = -65 + o. Suppose a*g - 25 = 0, l - 3*l + 247 = -3*g. What is the hundreds digit of l?
1
Let g(t) = -6375*t**3 - 2*t**2 - 50*t - 110. What is the ten thousands digit of g(-2)?
5
Let u = -10523 + 28421. What is the ten thousands digit of u?
1
Let t be (-2 - (-5 + 3))/(0 - -1). Suppose 5*l + 8 - 8 = t. What is the units digit of (0 - l)/(-4) - -171?
1
Let r(p) = 13*p**2 - 40*p + 15. Let q(h) = -25*h**2 + 81*h - 31. Let g(i) = -3*q(i) - 5*r(i). What is the hundreds digit of g(8)?
3
Suppose -54378 = -15*m + 90592 + 23480. What is the hundreds digit of m?
2
Let a(f) = -361*f - 635. What is the hundreds digit of a(-62)?
7
Suppose -317*z = -314*z - 2862. Suppose 0 = 3*u + z - 2421. What is the tens digit of u?
8
Let q be (-7)/(21/(-18))*-1. Let n(d) = -6*d - 37. Let z be n(q). What is the tens digit of (25/25)/(z/(-232))?
3
Suppose -60 = -4*s - 2*s. Let l(d) = 36*d**3 - 3*d**2 - 1. Let q be l(3). Suppose 0 = -s*w + q + 506. What is the tens digit of w?
4
Suppose 35 = -z - 5*r + 289, 0 = -3*z + r + 698. What is the thousands digit of 4/(-18) + 395044/z - -5?
1
Suppose -5 + 37 = 8*q. Let x(s) = -39*s + 12. Let b(l) = -117*l + 36. Let p(k) = -4*b(k) + 11*x(k). What is the units digit of p(q)?
4
Let s be (1/3)/(11/99). Suppose 0 = 3*m - 6, 7*m = s*o + 11*m - 3179. What is the units digit of o?
7
Let n = -411 - -413. Let a(s) = 6*s**3 + 5*s**2 - 5*s - 7. What is the tens digit of a(n)?
5
Let j(o) = 5*o - 12. Let h be j(9). Suppose 28*m - h*m = -35. What is the units digit of 8/(-28) + 1 + 478/m?
9
Suppose 22*d = 2190 - 7008. Let f = 397 + d. What is the units digit of f?
8
Let t(x) = -647*x**3 - 2*x**2 + 63*x + 131. What is the hundreds digit of t(-2)?
1
Let q(b) = 604*b - 4142. What is the units digit of q(30)?
8
Let y = 101 + -58. Let p = 44 - y. Let a(g) = 43*g + 4. What is the units digit of a(p)?
7
Let m(r) = -3*r + 11. Let a be m(2). Suppose -2*f = -a*v - 862, 0 = -2*f + 6*f - 2*v - 1708. Suppose 31*b + f = 33*b. What is the units digit of b?
3
Let z(s) = -1483*s + 2040. What is the thousands digit of z(-8)?
3
Let d(j) = -7382*j + 5227. What is the thousands digit of d(-7)?
6
Let m(f) = 2*f + 18. Let b be m(-9). Let i be b/1*(-1)/(-2). What is the tens digit of 0 - (i + (-315)/3)?
0
Let q = 36805 + -20299. What is the ten thousands digit of q?
1
What is the tens digit of 52/8*-414*32/(-24)?
8
Suppose w - 3*r = 184, -2*w = -0*w + 5*r - 412. Let f = w - 128. What is the tens digit of f?
6
Suppose 217022 = 27*t - 10*t. What is the thousands digit of t?
2
Let m(l) = -l**3 + 21*l**2 + 30*l. Let g be m(23). What is the hundreds digit of (36/(-48))/(2/g)?
1
Suppose -2*y - 24 = -14*y. Suppose -y*s + 1202 = 2*b - 6*s, 0 = -5*b + 4*s + 3017. What is the tens digit of b?
0
Suppose 5*q - 1613 = -t + 2008, t = q + 3645. What is the hundreds digit of t?
6
Let p = -53615 + 91470. What is the hundreds digit of p?
8
Let k be ((-1)/2)/(4/(26 - 2)). Let i be (-266)/2 - (1 - (2 + k)). Let l = -65 - i. What is the tens digit of l?
7
Suppose -71059 = 19*l - 70261. Let g = -9 + 4. What is the tens digit of (-5)/2*(l + (-3 - g))?
0
Let p be 0*(-4 + 21/6). Let o = p - -35. Suppose 2*k - 181 = -4*b - o, -5*b - k + 187 = 0. What is the tens digit of b?
3
Let u = -217 - -216. What is the tens digit of (-4 - -3)*(-74 - (-2 - u))?
7
Let f(s) = 4*s**2 + 106*s - 107. What is the tens digit of f(-44)?
7
Let z(s) = -s**3 + s + 23. Let c be z(-4). Suppose 5*i + 77 = -58. Let d = c + i. What is the tens digit of d?
5
Let s = 18333 + 11368. What is the units digit of s?
1
Let z(y) be the second derivative of 63*y**3/2 - 119*y**2/2 + 64*y. What is the tens digit of z(4)?
3
Suppose -357*r + 359*r = -